 (base 8) to base 3.
2200
What is 4 (base 5) in base 15?
4
-1 (base 6) to base 14
-1
Convert -111 (base 2) to base 7.
-10
Convert -13b (base 16) to base 14.
-187
Convert 16 (base 9) to base 7.
21
-7 (base 10) to base 7
-10
What is 422 (base 6) in base 11?
134
What is -4 (base 5) in base 12?
-4
-e (base 16) to base 11
-13
Convert 0 (base 3) to base 7.
0
What is -76 (base 8) in base 14?
-46
What is -212 (base 3) in base 6?
-35
Convert 3 (base 9) to base 3.
10
Convert 250 (base 10) to base 14.
13c
11 (base 13) to base 16
e
17e (base 15) to base 2
101011000
Convert -10100111 (base 2) to base 3.
-20012
Convert 0 (base 4) to base 11.
0
Convert -102 (base 8) to base 9.
-73
Convert -1 (base 11) to base 2.
-1
Convert 101 (base 6) to base 10.
37
What is -60 (base 16) in base 11?
-88
Convert -2 (base 5) to base 9.
-2
-5e (base 16) to base 11
-86
5 (base 8) to base 7
5
4 (base 7) to base 10
4
What is 5 (base 16) in base 15?
5
Convert -1c (base 15) to base 4.
-123
Convert 6 (base 15) to base 9.
6
What is -17 (base 12) in base 7?
-25
Convert a (base 16) to base 15.
a
What is -13 (base 11) in base 4?
-32
What is 14 (base 8) in base 3?
110
166 (base 7) to base 14
6d
What is -100 (base 2) in base 10?
-4
What is -2 (base 11) in base 14?
-2
Convert 2 (base 11) to base 8.
2
What is 10 (base 3) in base 10?
3
2c (base 15) to base 8
52
What is 84 (base 10) in base 16?
54
What is -7 (base 12) in base 2?
-111
Convert -2 (base 12) to base 10.
-2
Convert -234 (base 10) to base 8.
-352
Convert 112 (base 4) to base 3.
211
What is -2 (base 5) in base 9?
-2
-1a (base 14) to base 7
-33
Convert -5 (base 11) to base 16.
-5
Convert -4 (base 5) to base 3.
-11
What is 165 (base 12) in base 7?
434
What is 1 (base 16) in base 14?
1
Convert -22 (base 12) to base 6.
-42
1 (base 8) to base 10
1
What is -45 (base 7) in base 9?
-36
Convert -11a (base 16) to base 14.
-162
-1 (base 3) to base 14
-1
-13 (base 9) to base 2
-1100
Convert 11110 (base 2) to base 12.
26
Convert -b (base 15) to base 4.
-23
Convert -3 (base 16) to base 13.
-3
Convert -3 (base 6) to base 3.
-10
What is -1000 (base 3) in base 5?
-102
0 (base 5) to base 2
0
30 (base 8) to base 13
1b
What is 8 (base 12) in base 3?
22
What is -17b (base 12) in base 8?
-357
What is 111 (base 2) in base 6?
11
What is 7b (base 12) in base 8?
137
Convert 0 (base 9) to base 8.
0
-32 (base 8) to base 3
-222
What is 11 (base 16) in base 13?
14
-8 (base 12) to base 6
-12
Convert 4 (base 12) to base 15.
4
-8 (base 9) to base 5
-13
10 (base 7) to base 16
7
116 (base 7) to base 2
111110
What is 5 (base 7) in base 5?
10
1 (base 2) to base 13
1
Convert 124 (base 11) to base 12.
103
0 (base 10) to base 5
0
What is -52 (base 13) in base 16?
-43
Convert 3 (base 8) to base 10.
3
What is 0 (base 8) in base 11?
0
-3 (base 4) to base 13
-3
101011 (base 2) to base 3
1121
-11001 (base 2) to base 5
-100
Convert 313 (base 4) to base 16.
37
20 (base 3) to base 5
11
What is -1012 (base 3) in base 10?
-32
Convert 11010 (base 2) to base 16.
1a
What is -2322 (base 4) in base 15?
-c6
What is -243 (base 8) in base 7?
-322
-253 (base 7) to base 6
-344
What is -1 (base 12) in base 7?
-1
What is 0 (base 10) in base 16?
0
What is 1 (base 3) in base 7?
1
Convert 3 (base 8) to base 14.
3
-38 (base 10) to base 5
-123
Convert 43 (base 9) to base 11.
36
0 (base 8) to base 12
0
What is 2 (base 12) in base 10?
2
Convert 41 (base 7) to base 14.
21
What is -354 (base 7) in base 11?
-15a
Convert 1212 (base 3) to base 14.
38
-6 (base 16) to base 9
-6
1110 (base 4) to base 14
60
What is -1 (base 2) in base 8?
-1
What is -4 (base 8) in base 7?
-4
What is -11 (base 4) in base 7?
-5
Convert -b (base 16) to base 2.
-1011
What is 21202 (base 3) in base 9?
252
Convert 102 (base 9) to base 15.
58
Convert -4 (base 11) to base 9.
-4
What is -12 (base 4) in base 10?
-6
What is -3 (base 6) in base 7?
-3
-1 (base 9) to base 13
-1
-2 (base 8) to base 13
-2
Convert 10 (base 3) to base 16.
3
1004 (base 7) to base 5
2342
Convert 1 (base 10) to base 4.
1
6 (base 14) to base 5
11
-2 (base 11) to base 3
-2
What is 4 (base 10) in base 14?
4
Convert -232 (base 6) to base 5.
-332
12 (base 5) to base 13
7
Convert 102 (base 4) to base 16.
12
-32 (base 5) to base 14
-13
-23 (base 8) to base 5
-34
What is -3 (base 7) in base 15?
-3
What is -74 (base 16) in base 7?
-224
What is 11 (base 2) in base 15?
3
-2 (base 4) to base 12
-2
What is -5 (base 14) in base 12?
-5
What is 3 (base 14) in base 5?
3
Convert 12 (base 9) to base 10.
11
What is 10 (base 6) in base 4?
12
What is 17b (base 13) in base 10?
271
What is -c (base 15) in base 10?
-12
What is 16 (base 15) in base 3?
210
-6 (base 11) to base 13
-6
Convert 0 (base 13) to base 16.
0
1 (base 9) to base 7
1
-101 (base 12) to base 6
-401
21 (base 9) to base 3
201
What is 145 (base 8) in base 14?
73
Convert -43 (base 5) to base 12.
-1b
4 (base 6) to base 16
4
Convert -7 (base 10) to base 12.
-7
Convert 432 (base 5) to base 13.
90
What is 8 (base 12) in base 2?
1000
What is -b (base 16) in base 8?
-13
-d (base 16) to base 6
-21
-1b9 (base 15) to base 10
-399
Convert -22 (base 9) to base 11.
-19
15 (base 8) to base 7
16
Convert -16 (base 11) to base 15.
-12
Convert 7 (base 10) to base 16.
7
Convert -283 (base 9) to base 8.
-355
Convert 5 (base 16) to base 7.
5
-30 (base 10) to base 13
-24
Convert -66 (base 9) to base 3.
-2020
Convert 3 (base 4) to base 2.
11
41 (base 12) to base 13
3a
-10 (base 5) to base 14
-5
Convert -103 (base 11) to base 7.
-235
What is -134 (base 13) in base 8?
-324
Convert -c (base 16) to base 8.
-14
11 (base 3) to base 9
4
What is -141 (base 8) in base 13?
-76
What is 12 (base 4) in base 10?
6
What is -5c (base 13) in base 9?
-85
What is 0 (base 12) in base 11?
0
What is 24 (base 14) in base 15?
22
Convert -12 (base 6) to base 13.
-8
2 (base 10) to base 13
2
What is 1 (base 14) in base 3?
1
What is b (base 14) in base 12?
b
1 (base 3) to base 7
1
What is -2 (base 3) in base 12?
-2
2 (base 13) to base 8
2
31 (base 4) to base 5
23
-3 (base 10) to base 2
-11
Convert 110 (base 2) to base 12.
6
What is -35 (base 6) in base 4?
-113
-31 (base 4) to base 16
-d
Convert -3303 (base 4) to base 13.
-159
-1010 (base 3) to base 2
-11110
What is -3 (base 9) in base 12?
-3
What is -4 (base 5) in base 7?
-4
-2d (base 15) to base 8
-53
What is -11 (base 8) in base 15?
-9
Convert -73 (base 9) to base 6.
-150
Convert 40 (base 16) to base 3.
2101
Convert -300 (base 4) to base 9.
-53
Convert 111 (base 6) to base 15.
2d
What is -22 (base 10) in base 4?
-112
Convert -3 (base 14) to base 12.
-3
Convert -11 (base 7) to base 6.
-12
12010 (base 3) to base 14
9c
351 (base 10) to base 11
29a
237 (base 10) to base 8
355
What is -5 (base 15) in base 6?
-5
Convert -b (base 15) to base 16.
-b
What is 5 (base 9) in base 15?
5
-22 (base 5) to base 3
-110
Convert 9 (base 11) to base 7.
12
Convert -4 (base 13) to base 2.
-100
-1130 (base 5) to base 9
-203
Convert 5 (base 6) to base 4.
11
Convert -19 (base 16) to base 9.
-27
What is -3 (base 10) in base 9?
-3
Convert -334 (base 7) to base 15.
-b7
What is -1a9 (base 11) in base 10?
-240
What is -5 (base 8) in base 7?
-5
What is 30 (base 4) in base 8?
14
What is 0 (base 12) in base 2?
0
1d (base 14) to base 6
43
What is -1 (base 15) in base 3?
-1
19 (base 15) to base 10
24
What is 64 (base 12) in base 13?
5b
What is 303 (base 11) in base 14?
1c2
What is -1101 (base 2) in base 11?
-12
-1 (base 8) to base 13
-1
What is -1 (base 11) in base 5?
-1
What is -47 (base 15) in base 11?
-61
47 (base 10) to base 16
2f
Convert -13 (base 14) to base 8.
-21
What is 80 (base 11) in base 2?
1011000
What is 14 (base 5) in base 15?
9
What is 112 (base 3) in base 9?
15
Convert -101 (base 2) to base 9.
-5
What is 9 (base 16) in base 12?
9
What is -111111 (base 2) in base 9?
-70
Convert -337 (base 8) to base 6.
-1011
Convert 11 (base 11) to base 12.
10
19 (base 14) to base 6
35
5 (base 8) to base 7
5
Convert 13 (base 15) to base 6.
30
What is -b8 (base 14) in base 16?
-a2
Convert c2 (base 14) to base 15.
b5
What is -2 (base 14) in base 9?
-2
What is -11 (base 2) in base 10?
-3
Convert -1 (base 14) to base 13.
-1
-3 (base 8) to base 3
-10
What is 5 (base 12) in base 11?
5
1101 (base 4) to base 14
5b
What is 107 (base 8) in base 11?
65
Convert 2 (